 3, 4*g - t = 3*f. List the prime factors of g.
2, 5
Let n(u) = u**3 + 9*u**2 - 25*u - 35. Let q be n(-11). Let t(a) = 7*a**3 - 4*a**2 + 4*a - 4. Let o be t(4). What are the prime factors of q/(1182/o + -3)?
2, 3, 11
Let g = -137 + 145. Suppose -a + 15 = g*t - 6*t, -35 = -a + 3*t. Suppose -5*w + m = -146, 5 = w + m - a. What are the prime factors of w?
29
Suppose 12 = 11*f - 65. Suppose 1181 + 1598 = f*u. What are the prime factors of u?
397
Let j(m) = -m**3 + 2*m**2 + m - 327. Let b be j(0). Let k = 508 + b. List the prime factors of k.
181
Let o(d) = 18*d**3 + 3*d**2 - 4*d + 6. Let c be o(3). Suppose -6*g = -c - 501. Suppose 6*x = -x + g. What are the prime factors of x?
2, 3
Suppose -4*z - 44499 = -2*n - 7209, 93212 = 5*n + 3*z. What are the prime factors of n?
103, 181
Let t(u) = 8*u**2 + 13*u - 9. Let v(i) = -i**3 - 46*i**2 + 3*i + 132. Let b be v(-46). What are the prime factors of t(b)?
3, 67
Suppose 48 = -0*r + 4*r. Let p(x) = -r - 1 + 3*x**2 + 0*x**2 + 3*x**2 + 2*x. What are the prime factors of p(-4)?
3, 5
Let a = 35 - 42. Let z(v) = v**2 + 6*v + 12. Let p be z(a). Suppose -p*s + 24*s - 85 = 0. What are the prime factors of s?
17
Suppose l - 193 = 5*f - 3*f, -l + 94 = -f. Let d = 269 - f. What are the prime factors of d?
2, 23
Let j(i) = -3*i**3 + 2*i**2 + 10*i - 6. Let c(b) = b**3 - b**2. Let l(g) = 2*c(g) + j(g). Let f be l(-6). Suppose 9*k = 4*k + f. List the prime factors of k.
2, 3, 5
Let w = 72 - 40. Suppose -w = -n - 83. Let k = n - -134. What are the prime factors of k?
83
Let l = -23477 + 65771. What are the prime factors of l?
2, 3, 7, 19, 53
Let h = -21100 - -39632. List the prime factors of h.
2, 41, 113
Let t(i) = -i**3 - 33*i**2 + 25*i. Let b be t(-26). What are the prime factors of (-2)/(-2)*-3 + b/(-6)?
2, 3, 149
Let p = 469 + -543. Suppose 1005 = -5*u - 0*u. Let q = p - u. List the prime factors of q.
127
Let s = 1 - 21. Let k be -4 + (-129)/(-15) + (-8)/s. Suppose -2*y = 4*b - 730, 0 = k*b - 4*y - 748 - 158. What are the prime factors of b?
2, 7, 13
Let z be (-2)/((-8)/12) - (-3 + 2). Suppose -2*y - b - 4 = -5*b, -b = z*y - 19. Suppose -y*u - 143 = -7*u + 5*p, -2*p = -u + 47. List the prime factors of u.
3, 17
Let j(s) = 67*s + 47. Let h be j(-22). Let g = h + 2016. What are the prime factors of g?
19, 31
Let f = 22519 - 13358. What are the prime factors of f?
9161
Let j(k) = -2*k**3 + 4*k**2 + k - 6. Let z be j(3). What are the prime factors of 104*(z/(-6) - -3)?
2, 13
Suppose -146*r + 114664 = -16*r + 24964. What are the prime factors of r?
2, 3, 5, 23
Let p(w) = 193*w**2 + 77*w + 850. What are the prime factors of p(-13)?
2, 3, 7, 773
Let m be (1/6*99)/(3/476). Suppose -4*i - 2*w + 2512 + m = 0, 3 = w. List the prime factors of i.
3, 7, 61
What are the prime factors of 16/(-360)*-15*3087?
2, 3, 7
Let j(x) = x**2 + 72*x + 1904. List the prime factors of j(68).
2, 3, 7, 17
Suppose 7*p - 60 = 5*p. Suppose -2*k = -2*a - 2 - 2, -5*a = 5*k - p. Suppose -5*q - 2*n = -745, 5*n + 428 = k*q - 201. What are the prime factors of q?
151
Let i = 14897 - 1406. What are the prime factors of i?
3, 1499
List the prime factors of (3 + 22/(-4))/(22/(-7172)).
5, 163
Suppose -10*f = -8*f + 16. What are the prime factors of (-2)/f + 5957/28?
3, 71
Let d(l) = 4133*l + 236. List the prime factors of d(10).
2, 7, 2969
Suppose 21*r = 18*r + 270. Suppose -x - 12 = -r. Suppose -7*c + 489 = -x. What are the prime factors of c?
3
Let x = 15 - 10. Suppose 638 = 8*b - 5*b - 4*z, 3*b = x*z + 643. What are the prime factors of b?
2, 103
Let b(d) = d**3 + 55*d**2 + 96*d + 89. What are the prime factors of b(-35)?
13, 23, 71
Suppose -3*q + 3*r + 101 = 29, -3*r - 114 = -5*q. Suppose 9*p - q = 8*p. Suppose -p*t = -24*t + 15. List the prime factors of t.
5
Let t = -24 + 11. Let q(n) be the third derivative of -n**5/60 - 23*n**4/24 + 13*n**3/3 - 23*n**2 + 1. What are the prime factors of q(t)?
2, 3, 13
Suppose u + 8*q = 27120, -19*q = 5*u - 14*q - 135320. What are the prime factors of u?
2, 19, 89
Let s(k) = -43*k + 66. Let z be s(4). Let u = z - -137. What are the prime factors of u?
31
Let o(x) = -x**2 + 24*x - 39. Let w be o(25). What are the prime factors of 1/(-2) + (-15712)/w?
5, 7
Suppose 5*x + 11 + 1 = -4*a, 3*a = 4*x - 9. Suppose 21*r - 9432 - 18 = x. List the prime factors of r.
2, 3, 5
What are the prime factors of (19 + -24 + 3/(-9))*-228?
2, 19
List the prime factors of -3*25/15 + (14890 - 2).
3, 11, 41
Let z(o) = o**3 + 54*o**2 + 62*o + 1162. What are the prime factors of z(-37)?
7, 3163
Suppose 0 = 3*a + 3*b - 8124, 102*b - 97*b = -4*a + 10827. List the prime factors of a.
2713
Let z = -22 + 57. Suppose 5*h = -z + 45. Suppose h*b - 1946 = -5*b. What are the prime factors of b?
2, 139
List the prime factors of (132/120 + (-3)/30)*1702.
2, 23, 37
Let f = 6 - 18. Let p = f - -14. What are the prime factors of ((-984)/20)/(p/(-5))?
3, 41
Suppose 0 = -33*h + 26*h + 21. Let c(x) = -x**3 + 13*x**2 + x - 10. Let u be c(13). List the prime factors of u/2 - (h - (-354)/(-4)).
3, 29
Let o = -4179 + 12901. What are the prime factors of o?
2, 7, 89
Let h = -24 - -27. Suppose -4*u = -h*u + 16. Let f = 41 - u. List the prime factors of f.
3, 19
Let u(n) = 20*n**3 - 2*n**2 - 11*n + 60. What are the prime factors of u(7)?
5, 19, 71
List the prime factors of (7609/21)/((-37)/(-6) + -6).
2, 1087
Let b = 155 + -153. Suppose -4*x - 2*f + 1344 = 0, 3*x + b*f + 346 = 4*x. What are the prime factors of x?
2, 13
Suppose -r + 567482 + 2972678 = 207*r. List the prime factors of r.
2, 5, 23, 37
Let h(w) = -8*w**3 - 6*w**2 + 2*w + 33. Let q be h(-5). Let v = q - 741. What are the prime factors of v?
2, 3, 11
Suppose 5*x + 5*w + 2563 = 6*x, -4*w + 12902 = 5*x. What are the prime factors of x?
2, 1289
Let x(j) = -9*j**3 - 506*j + 2*j**2 - 59 + 3*j**2 + 486*j. What are the prime factors of x(-5)?
1291
Let l = -7825 + 12670. List the prime factors of l.
3, 5, 17, 19
What are the prime factors of -3 - (6 + -11198) - (3 + 4)?
2, 5591
Let s(h) be the third derivative of 13*h**4/8 + 4*h**3/3 - 2*h**2 - 97*h. What are the prime factors of s(10)?
2, 199
Let x(w) be the first derivative of w**3/3 + 4*w**2 + 21*w + 15. Let v be x(-5). Suppose -4*f + v = -62. What are the prime factors of f?
17
Let i(t) = 3000*t - 500. What are the prime factors of i(8)?
2, 5, 47
Let r = 345 + -244. Let z = r - -131. What are the prime factors of (3 + -6)/(-3 - (-690)/z)?
2, 29
Suppose -216 = -32*q - 56. List the prime factors of (q/5)/(3*3/3330).
2, 5, 37
Let t = 492 + -474. Suppose -2*f - 160 = -4*r - t, r = -3*f + 25. What are the prime factors of r?
2, 17
Let r = -69 - 7. Let m = 109 + r. Suppose -29*q = -m*q + 436. What are the prime factors of q?
109
Let c(f) = -14*f + 6. Let l = -3 + -11. Let d be c(l). Suppose 0*a = -2*a + d. List the prime factors of a.
101
Suppose -6*i = -3*i - 30. Suppose 0*h - 4 = -2*h + 2*o, 2*o = 5*h - i. Suppose -v = -2*r + 9, 2*r = -h*v + v + 19. What are the prime factors of r?
7
Suppose 0 = -3*s + 5*h + 860, -8*s = -11*s + 2*h + 875. Suppose -s = 3*r - 5*d, -r - 3*r = -4*d + 396. Let u = r + 103. What are the prime factors of u?
3
Suppose 0*x - 2*x + 730 = -4*z, 2*x - 714 = -4*z. Let a = -329 + x. List the prime factors of a.
2
Suppose 42*b = 47*b - 4*g - 22138, -4*b + 17696 = 4*g. List the prime factors of b.
2, 2213
Let w(p) = 10*p**2 + 7*p - 8. Let j(v) = 6*v - 8. Suppose 4*k + 2*t - 12 = -0*t, -k - 3*t + 8 = 0. Let r be j(k). List the prime factors of w(r).
2, 3, 5
Let l(a) = -231*a**3 + 7*a**2 + 5*a - 27. What are the prime factors of l(-3)?
2, 3, 7, 149
Suppose -27*u + 722566 = -866434 + 261356. List the prime factors of u.
2, 19, 647
Suppose 4*b - 76*j - 39284 = -78*j, 3*b = j + 29453. List the prime factors of b.
3, 1091
Suppose 11*n - 30 = -30. Suppose n*h = 5*h - 2815. What are the prime factors of h?
563
Suppose -1754 = -3*i + 2026. Suppose 8*s - 6492 = i. What are the prime factors of s?
3, 17, 19
Let h = 4884 - 2071. What are the prime factors of h?
29, 97
Suppose 104*v = 90*v + 56. Suppose -13*z + 8*z = -2*y - 5903, -z - v*y = -1163. List the prime factors of z.
3, 131
Let x(j) be the second derivative of j**5/2 + j**4/3 - j**3/2 - 75*j. What are the prime factors of x(2)?
2, 3, 5
Let f be ((-76)/(-6))/((-4)/(-384)). Suppose -3*w + 2*g + 161 =